prime factors of 255704093.
67, 389, 9811
What are the prime factors of 2150813?
7, 307259
What are the prime factors of 41094903?
3, 557, 24593
List the prime factors of 124470630.
2, 3, 5, 113, 12239
List the prime factors of 587426576.
2, 11, 107, 31193
List the prime factors of 1453983650.
2, 5, 7, 17, 244367
List the prime factors of 210947644.
2, 149, 353939
List the prime factors of 2794694528.
2, 43, 507757
List the prime factors of 94609078.
2, 29, 1631191
List the prime factors of 1116831202.
2, 47, 1259, 9437
What are the prime factors of 113386693?
7, 16198099
List the prime factors of 516365125.
5, 419, 9859
What are the prime factors of 80210733?
3, 31, 862481
List the prime factors of 27838341.
3, 31, 113, 883
What are the prime factors of 2738686081?
2738686081
What are the prime factors of 7465056113?
7465056113
What are the prime factors of 18536865?
3, 5, 1235791
List the prime factors of 47608125.
3, 5, 25391
List the prime factors of 495496875.
3, 5, 17, 3109
List the prime factors of 192274063.
17, 127, 89057
What are the prime factors of 725793761?
7, 11, 1193, 7901
List the prime factors of 164392917.
3, 13, 79, 229, 233
List the prime factors of 436388607.
3, 29, 557329
List the prime factors of 165942492.
2, 3, 149, 92809
What are the prime factors of 254652800?
2, 5, 79579
List the prime factors of 34671380.
2, 5, 1733569
List the prime factors of 147353861.
9421, 15641
List the prime factors of 41508410.
2, 5, 877, 4733
List the prime factors of 5361182187.
3, 5503, 324743
List the prime factors of 35040996.
2, 3, 349, 2789
List the prime factors of 6156121855.
5, 13, 17, 5571151
List the prime factors of 278839169.
7, 241, 165287
List the prime factors of 429494617.
23, 18673679
List the prime factors of 67968634.
2, 23, 29, 50951
What are the prime factors of 3128905070?
2, 5, 312890507
List the prime factors of 6312953941.
7, 3217, 280339
What are the prime factors of 66209488?
2, 71, 167, 349
What are the prime factors of 68851252?
2, 3967, 4339
What are the prime factors of 21175971?
3, 263, 26839
List the prime factors of 27344011.
3203, 8537
List the prime factors of 21336207.
3, 17, 418357
List the prime factors of 3463585686.
2, 3, 11, 23, 491, 1549
List the prime factors of 810310.
2, 5, 81031
What are the prime factors of 1051353752?
2, 19, 107, 127, 509
What are the prime factors of 1175819?
1175819
What are the prime factors of 1033322887?
1033322887
List the prime factors of 1093711715.
5, 331, 660853
What are the prime factors of 1800297440?
2, 5, 11251859
List the prime factors of 4252497913.
47, 90478679
List the prime factors of 5628971043.
3, 208480409
List the prime factors of 229710948.
2, 3, 37, 517367
What are the prime factors of 59437753?
443, 134171
What are the prime factors of 2289273250?
2, 5, 11, 37, 149, 151
What are the prime factors of 1958581248?
2, 3, 13, 49043
List the prime factors of 62540855.
5, 13, 563, 1709
What are the prime factors of 86982715?
5, 101, 172243
What are the prime factors of 75156949?
7, 17, 127, 4973
List the prime factors of 109516297.
11, 9956027
List the prime factors of 302889441.
3, 100963147
What are the prime factors of 763274810?
2, 5, 1777, 42953
What are the prime factors of 57080870?
2, 5, 7, 11, 74131
What are the prime factors of 2046519667?
89, 22994603
What are the prime factors of 1709062211?
103, 16592837
List the prime factors of 94901866.
2, 71, 9413
List the prime factors of 1681183329.
3, 7, 17, 4709197
List the prime factors of 39323209.
113, 347993
What are the prime factors of 2628490974?
2, 3, 438081829
What are the prime factors of 46227106?
2, 71, 325543
What are the prime factors of 829729613?
829729613
List the prime factors of 8432570.
2, 5, 843257
List the prime factors of 936402699.
3, 373, 836821
List the prime factors of 1310633717.
17, 31, 2486971
List the prime factors of 206073976.
2, 25759247
List the prime factors of 424428203.
421, 919, 1097
List the prime factors of 1603095631.
17, 113, 834511
What are the prime factors of 81364861?
97, 838813
What are the prime factors of 36124012?
2, 47, 192149
What are the prime factors of 783920685?
3, 5, 52261379
What are the prime factors of 44201301?
3, 2917, 5051
What are the prime factors of 168602308?
2, 7, 6021511
What are the prime factors of 506558071?
20959, 24169
List the prime factors of 486585315.
3, 5, 53, 204019
List the prime factors of 1471987900.
2, 5, 14719879
What are the prime factors of 461659678?
2, 709, 325571
What are the prime factors of 268280976?
2, 3, 5589187
List the prime factors of 68136604.
2, 2539, 6709
List the prime factors of 126548571.
3, 42182857
List the prime factors of 474770150.
2, 5, 9495403
What are the prime factors of 82516899?
3, 101, 272333
List the prime factors of 5196920330.
2, 5, 7, 499, 148781
List the prime factors of 4946106745.
5, 29, 467, 73043
List the prime factors of 215791585.
5, 37, 1166441
What are the prime factors of 138843127?
19, 71, 5417
List the prime factors of 34017494.
2, 7, 607, 4003
What are the prime factors of 300285093?
3, 17, 151, 38993
What are the prime factors of 99565611?
3, 33188537
What are the prime factors of 148184909?
307, 482687
What are the prime factors of 553152739?
553152739
What are the prime factors of 67436206?
2, 19, 1774637
List the prime factors of 7822997.
7, 13, 12281
What are the prime factors of 234891890?
2, 5, 17, 443, 3119
What are the prime factors of 240204066?
2, 3, 3517, 11383
List the prime factors of 2161488490.
2, 5, 7, 83, 53147
List the prime factors of 137918788.
2, 7, 881, 5591
What are the prime factors of 499257163?
1039, 480517
What are the prime factors of 82221727?
7, 499, 23539
What are the prime factors of 171998020?
2, 5, 137, 62773
List the prime factors of 157060795.
5, 229, 599
What are the prime factors of 107156097?
3, 11906233
What are the prime factors of 1391306672?
2, 7, 2137, 5813
What are the prime factors of 4197044294?
2, 41, 101, 163, 3109
List the prime factors of 307675245.
3, 5, 20511683
List the prime factors of 144567503.
144567503
List the prime factors of 65220013.
167, 390539
What are the prime factors of 4961036717?
7, 13, 54516887
What are the prime factors of 23914796?
2, 5978699
List the prime factors of 76280449.
7, 10897207
List the prime factors of 426477593.
607, 702599
What are the prime factors of 422290205?
5, 84458041
List the prime factors of 644428278.
2, 3, 13, 61, 101, 149
What are the prime factors of 11955776?
2, 7, 26687
What are the prime factors of 582701849?
23, 25334863
List the prime factors of 365174848.
2, 5705857
List the prime factors of 149950434.
2, 3, 3221, 7759
List the prime factors of 3833359509.
3, 7, 71, 163, 15773
What are the prime factors of 77165582?
2, 13, 223, 13309
List the prime factors of 9501392.
2, 23, 25819
What are the prime factors of 1762365916?
2, 440591479
What are the prime factors of 431507344?
2, 53, 9601
What are the prime factors of 6492938866?
2, 307, 10574819
List the prime factors of 63976135.
5, 19, 251, 2683
List the prime factors of 273055253.
313, 872381
List the prime factors of 3559962545.
5, 83, 8578223
What are the prime factors of 3809515?
5, 41, 18583
What are the prime factors of 114950516?
2, 1297, 22157
List the prime factors of 236679863.
7, 33811409
List the prime factors of 7328894149.
19, 109, 1109, 3191
List the prime factors of 5867349905.
5, 293, 13669
What are the prime factors of 4244236871?
7, 607, 142697
What are the prime factors of 26233633?
3863, 6791
What are the prime factors of 100542318?
2, 3, 17, 985709
List the prime factors of 31229076.
2, 3, 1409, 1847
What are the prime factors of 636128800?
2, 5, 795161
List the prime factors of 1102973027.
13, 23, 1021, 3613
What are the prime factors of 4155321599?
11, 13, 97, 299569
What are the prime factors of 209308690?
2, 5, 41, 61, 8369
List the prime factors of 2632375977.
3, 7, 11, 2687, 4241
List the prime factors of 120920114.
2, 7, 8637151
What are the prime factors of 91907629?
11, 8355239
List the prime factors of 87204764.
2, 17, 1282423
List the prime factors of 14064322.
2, 1699, 4139
What are the prime factors of 192871131?
3, 641, 100297
List the prime factors of 68927441.
11, 193, 